{"id":390,"date":"2016-10-25T09:42:38","date_gmt":"2016-10-25T07:42:38","guid":{"rendered":"http:\/\/epic-jerks.de\/wordpress\/?page_id=390"},"modified":"2023-07-14T08:49:45","modified_gmt":"2023-07-14T06:49:45","slug":"kleiner-haewelmann","status":"publish","type":"page","link":"https:\/\/www.drk-schwelm.org\/?page_id=390","title":{"rendered":"DRK Kita &#8222;Kleiner H\u00e4welmann&#8220;"},"content":{"rendered":"<div id=\"pl-390\" class=\"panel-layout\">\n<div id=\"pg-390-0\" class=\"panel-grid panel-no-style\" data-style=\"{&quot;background_image_attachment&quot;:false,&quot;background_display&quot;:&quot;tile&quot;,&quot;cell_alignment&quot;:&quot;flex-start&quot;}\" data-ratio=\"1\" data-ratio-direction=\"right\">\n<div id=\"pgc-390-0-0\" class=\"panel-grid-cell\" data-weight=\"0.5\">\n<div id=\"panel-390-0-0-0\" class=\"so-panel widget widget_sow-editor panel-first-child panel-last-child\" data-index=\"0\" data-style=\"{&quot;background_image_attachment&quot;:false,&quot;background_display&quot;:&quot;tile&quot;}\">\n<div class=\"so-widget-sow-editor so-widget-sow-editor-base\">\n<div class=\"siteorigin-widget-tinymce textwidget\">\n<p>Besondere Angebote f\u00fcr Kinder, Eltern etc.,&nbsp; Teiloffenes Konzept Angebote: Freispiel, gruppen\u00fcbergreifende (alters\/bzw. entwicklungsbezogene)Bewegungsangebote, Sprachf\u00f6rderung, Kunst-AG, Zahlen-Entenland- und Farbenland, Vorlesepatin, B\u00fccherei, Kleine (Erst-)Helfer- Wir Kinder vom DRK, Waldtage- und Wochen, 3 Tagesfahrt Jugendherberge, Mut tut gut, Junior Uni, Forscher Kids, situationsorientierte Projektarbeit, Maxitage (Vorschulgruppe), Angebote f\u00fcr Eltern: Rucksack- Kita (Multikulturelle Elterngruppe zur F\u00f6rderung der Sprach- und Erziehungskompetenz in Kooperation mit dem kommunalen Integrationszentrum); Elternabende, Elternthemennachmittage, Hausbesuche, Beratungsgespr\u00e4che, offene Beratung durch den Kinderschutzbund, Begleitung bei F\u00f6rderma\u00dfnahmen, gemeinsame Aktivit\u00e4ten und Feste, Stammtische, Mitarbeiter\/innen: Erzieher\/innen und Sozialp\u00e4dagoginnen mit Zusatzqualifikationen wie z.B. Ern\u00e4hrungsberaterin, Kinderschutzfachkraft, U3 Fachkraft, Kunsttherapeutin, Kursleitung f\u00fcr Babymassage, Integrationsfachkraft<\/p>\n<p>Betreuungspl\u00e4tze: 40 35 Stunden Block\u00f6ffnung: 14 Pl\u00e4tze\/ Ganztagespl\u00e4tze: 24 Pl\u00e4tze Gruppen: 2 Pl\u00e4tze f\u00fcr Kinder ab 2 Jahren: 12 Pl\u00e4tze f\u00fcr Kinder ab 3 Jahren: 28 \u00d6ffnungszeiten: Mo- Fr. 7.15-16.15 Uhr Folgende R\u00e4umlichkeiten stehen den Kindern zur Verf\u00fcgung: 2 Gruppenr\u00e4ume, die Turnhalle, die B\u00fccherei, das Kuschelzimmer, das B\u00e4llebad, der Schlafraum, das Kreativ- und Forscherlabor, das Bistro, 2 Waschr\u00e4ume mit Wickelm\u00f6glichkeit sowie das Au\u00dfengel\u00e4nde (angrenzend an den Stadtpark)<\/p>\n<p>Hauptstra\u00dfe 109a, 58332 Schwelm &nbsp; Tel.: 02336 &#8211; 830700 &nbsp; &nbsp; <a href=\"mailto:kita@drk-schwelm.org\">kita@drk-schwelm.org<\/a><\/p>\n<\/div>\n<\/div>\n<\/div>\n<\/div>\n<\/div>\n<\/div>\n\n\n<figure class=\"wp-block-gallery has-nested-images columns-default is-cropped wp-block-gallery-1 is-layout-flex wp-block-gallery-is-layout-flex\">\n<figure class=\"wp-block-image size-large\"><img loading=\"lazy\" decoding=\"async\" width=\"1024\" height=\"683\" data-id=\"10775\" src=\"https:\/\/www.drk-schwelm.org\/wp-content\/uploads\/2020\/06\/IMG_2467-1024x683.jpg\" alt=\"\" class=\"wp-image-10775\" srcset=\"https:\/\/www.drk-schwelm.org\/wp-content\/uploads\/2020\/06\/IMG_2467-1024x683.jpg 1024w, https:\/\/www.drk-schwelm.org\/wp-content\/uploads\/2020\/06\/IMG_2467-300x200.jpg 300w, https:\/\/www.drk-schwelm.org\/wp-content\/uploads\/2020\/06\/IMG_2467-768x512.jpg 768w, https:\/\/www.drk-schwelm.org\/wp-content\/uploads\/2020\/06\/IMG_2467-1536x1024.jpg 1536w, https:\/\/www.drk-schwelm.org\/wp-content\/uploads\/2020\/06\/IMG_2467-2048x1365.jpg 2048w, https:\/\/www.drk-schwelm.org\/wp-content\/uploads\/2020\/06\/IMG_2467-272x182.jpg 272w\" sizes=\"auto, (max-width: 1024px) 100vw, 1024px\" \/><\/figure>\n\n\n\n<figure class=\"wp-block-image size-large\"><img loading=\"lazy\" decoding=\"async\" width=\"1024\" height=\"768\" data-id=\"10771\" src=\"https:\/\/www.drk-schwelm.org\/wp-content\/uploads\/2020\/06\/P1040640-1024x768.jpg\" alt=\"\" class=\"wp-image-10771\" srcset=\"https:\/\/www.drk-schwelm.org\/wp-content\/uploads\/2020\/06\/P1040640-1024x768.jpg 1024w, https:\/\/www.drk-schwelm.org\/wp-content\/uploads\/2020\/06\/P1040640-300x225.jpg 300w, https:\/\/www.drk-schwelm.org\/wp-content\/uploads\/2020\/06\/P1040640-768x576.jpg 768w, https:\/\/www.drk-schwelm.org\/wp-content\/uploads\/2020\/06\/P1040640-1536x1152.jpg 1536w, https:\/\/www.drk-schwelm.org\/wp-content\/uploads\/2020\/06\/P1040640-2048x1536.jpg 2048w, https:\/\/www.drk-schwelm.org\/wp-content\/uploads\/2020\/06\/P1040640-600x450.jpg 600w\" sizes=\"auto, (max-width: 1024px) 100vw, 1024px\" \/><\/figure>\n\n\n\n<figure class=\"wp-block-image size-large\"><img loading=\"lazy\" decoding=\"async\" width=\"1024\" height=\"768\" data-id=\"10779\" src=\"https:\/\/www.drk-schwelm.org\/wp-content\/uploads\/2020\/06\/P1030208-1024x768.jpg\" alt=\"\" class=\"wp-image-10779\" srcset=\"https:\/\/www.drk-schwelm.org\/wp-content\/uploads\/2020\/06\/P1030208-1024x768.jpg 1024w, https:\/\/www.drk-schwelm.org\/wp-content\/uploads\/2020\/06\/P1030208-300x225.jpg 300w, https:\/\/www.drk-schwelm.org\/wp-content\/uploads\/2020\/06\/P1030208-768x576.jpg 768w, https:\/\/www.drk-schwelm.org\/wp-content\/uploads\/2020\/06\/P1030208-1536x1152.jpg 1536w, https:\/\/www.drk-schwelm.org\/wp-content\/uploads\/2020\/06\/P1030208-2048x1536.jpg 2048w, https:\/\/www.drk-schwelm.org\/wp-content\/uploads\/2020\/06\/P1030208-600x450.jpg 600w\" sizes=\"auto, (max-width: 1024px) 100vw, 1024px\" \/><\/figure>\n\n\n\n<figure class=\"wp-block-image size-large\"><img loading=\"lazy\" decoding=\"async\" width=\"1024\" height=\"768\" data-id=\"10778\" src=\"https:\/\/www.drk-schwelm.org\/wp-content\/uploads\/2020\/06\/P1030200-1024x768.jpg\" alt=\"\" class=\"wp-image-10778\" srcset=\"https:\/\/www.drk-schwelm.org\/wp-content\/uploads\/2020\/06\/P1030200-1024x768.jpg 1024w, https:\/\/www.drk-schwelm.org\/wp-content\/uploads\/2020\/06\/P1030200-300x225.jpg 300w, https:\/\/www.drk-schwelm.org\/wp-content\/uploads\/2020\/06\/P1030200-768x576.jpg 768w, https:\/\/www.drk-schwelm.org\/wp-content\/uploads\/2020\/06\/P1030200-1536x1152.jpg 1536w, https:\/\/www.drk-schwelm.org\/wp-content\/uploads\/2020\/06\/P1030200-2048x1536.jpg 2048w, https:\/\/www.drk-schwelm.org\/wp-content\/uploads\/2020\/06\/P1030200-600x450.jpg 600w\" sizes=\"auto, (max-width: 1024px) 100vw, 1024px\" \/><\/figure>\n\n\n\n<figure class=\"wp-block-image size-large\"><img loading=\"lazy\" decoding=\"async\" width=\"768\" height=\"1024\" data-id=\"10773\" src=\"https:\/\/www.drk-schwelm.org\/wp-content\/uploads\/2020\/06\/bb0d6d7f-8742-48ed-805b-16b96f3157ed.jpg\" alt=\"\" class=\"wp-image-10773\" srcset=\"https:\/\/www.drk-schwelm.org\/wp-content\/uploads\/2020\/06\/bb0d6d7f-8742-48ed-805b-16b96f3157ed.jpg 768w, https:\/\/www.drk-schwelm.org\/wp-content\/uploads\/2020\/06\/bb0d6d7f-8742-48ed-805b-16b96f3157ed-225x300.jpg 225w\" sizes=\"auto, (max-width: 768px) 100vw, 768px\" \/><\/figure>\n\n\n\n<figure class=\"wp-block-image size-large\"><img loading=\"lazy\" decoding=\"async\" width=\"577\" height=\"1024\" data-id=\"10772\" src=\"https:\/\/www.drk-schwelm.org\/wp-content\/uploads\/2020\/06\/b0e9a431-91c9-4908-998c-3a2b198558e9.jpg\" alt=\"\" class=\"wp-image-10772\" srcset=\"https:\/\/www.drk-schwelm.org\/wp-content\/uploads\/2020\/06\/b0e9a431-91c9-4908-998c-3a2b198558e9.jpg 577w, https:\/\/www.drk-schwelm.org\/wp-content\/uploads\/2020\/06\/b0e9a431-91c9-4908-998c-3a2b198558e9-169x300.jpg 169w\" sizes=\"auto, (max-width: 577px) 100vw, 577px\" \/><\/figure>\n\n\n\n<figure class=\"wp-block-image size-large\"><img loading=\"lazy\" decoding=\"async\" width=\"1024\" height=\"683\" data-id=\"10774\" src=\"https:\/\/www.drk-schwelm.org\/wp-content\/uploads\/2020\/06\/IMG_2348-1024x683.jpg\" alt=\"\" class=\"wp-image-10774\" srcset=\"https:\/\/www.drk-schwelm.org\/wp-content\/uploads\/2020\/06\/IMG_2348-1024x683.jpg 1024w, https:\/\/www.drk-schwelm.org\/wp-content\/uploads\/2020\/06\/IMG_2348-300x200.jpg 300w, https:\/\/www.drk-schwelm.org\/wp-content\/uploads\/2020\/06\/IMG_2348-768x512.jpg 768w, https:\/\/www.drk-schwelm.org\/wp-content\/uploads\/2020\/06\/IMG_2348-1536x1024.jpg 1536w, https:\/\/www.drk-schwelm.org\/wp-content\/uploads\/2020\/06\/IMG_2348-2048x1365.jpg 2048w, https:\/\/www.drk-schwelm.org\/wp-content\/uploads\/2020\/06\/IMG_2348-272x182.jpg 272w\" sizes=\"auto, (max-width: 1024px) 100vw, 1024px\" \/><\/figure>\n\n\n\n<figure class=\"wp-block-image size-large\"><img loading=\"lazy\" decoding=\"async\" width=\"768\" height=\"1024\" data-id=\"10776\" src=\"https:\/\/www.drk-schwelm.org\/wp-content\/uploads\/2020\/06\/IMG_8463-768x1024.jpg\" alt=\"\" class=\"wp-image-10776\" srcset=\"https:\/\/www.drk-schwelm.org\/wp-content\/uploads\/2020\/06\/IMG_8463-768x1024.jpg 768w, https:\/\/www.drk-schwelm.org\/wp-content\/uploads\/2020\/06\/IMG_8463-225x300.jpg 225w, https:\/\/www.drk-schwelm.org\/wp-content\/uploads\/2020\/06\/IMG_8463-1152x1536.jpg 1152w, https:\/\/www.drk-schwelm.org\/wp-content\/uploads\/2020\/06\/IMG_8463-1536x2048.jpg 1536w, https:\/\/www.drk-schwelm.org\/wp-content\/uploads\/2020\/06\/IMG_8463-scaled.jpg 1920w\" sizes=\"auto, (max-width: 768px) 100vw, 768px\" \/><\/figure>\n\n\n\n<figure class=\"wp-block-image size-large\"><img loading=\"lazy\" decoding=\"async\" width=\"720\" height=\"955\" data-id=\"11058\" src=\"https:\/\/www.drk-schwelm.org\/wp-content\/uploads\/2023\/07\/Haew-Zahlenland.jpg\" alt=\"\" class=\"wp-image-11058\" srcset=\"https:\/\/www.drk-schwelm.org\/wp-content\/uploads\/2023\/07\/Haew-Zahlenland.jpg 720w, https:\/\/www.drk-schwelm.org\/wp-content\/uploads\/2023\/07\/Haew-Zahlenland-226x300.jpg 226w\" sizes=\"auto, (max-width: 720px) 100vw, 720px\" \/><\/figure>\n\n\n\n<figure class=\"wp-block-image size-large\"><img loading=\"lazy\" decoding=\"async\" width=\"720\" height=\"820\" data-id=\"11059\" src=\"https:\/\/www.drk-schwelm.org\/wp-content\/uploads\/2023\/07\/Haewelmann-Jugendherberge.jpg\" alt=\"\" class=\"wp-image-11059\" srcset=\"https:\/\/www.drk-schwelm.org\/wp-content\/uploads\/2023\/07\/Haewelmann-Jugendherberge.jpg 720w, https:\/\/www.drk-schwelm.org\/wp-content\/uploads\/2023\/07\/Haewelmann-Jugendherberge-263x300.jpg 263w\" sizes=\"auto, (max-width: 720px) 100vw, 720px\" \/><\/figure>\n\n\n\n<figure class=\"wp-block-image size-large\"><img loading=\"lazy\" decoding=\"async\" width=\"658\" height=\"931\" data-id=\"11060\" src=\"https:\/\/www.drk-schwelm.org\/wp-content\/uploads\/2023\/07\/Haewelmann-Treppe.jpg\" alt=\"\" class=\"wp-image-11060\" srcset=\"https:\/\/www.drk-schwelm.org\/wp-content\/uploads\/2023\/07\/Haewelmann-Treppe.jpg 658w, https:\/\/www.drk-schwelm.org\/wp-content\/uploads\/2023\/07\/Haewelmann-Treppe-212x300.jpg 212w\" sizes=\"auto, (max-width: 658px) 100vw, 658px\" \/><\/figure>\n<\/figure>\n","protected":false},"excerpt":{"rendered":"<p>Besondere Angebote f\u00fcr Kinder, Eltern etc.,&nbsp; Teiloffenes Konzept Angebote: Freispiel, gruppen\u00fcbergreifende (alters\/bzw. entwicklungsbezogene)Bewegungsangebote, Sprachf\u00f6rderung, Kunst-AG, Zahlen-Entenland- und Farbenland, Vorlesepatin, B\u00fccherei,<\/p>\n","protected":false},"author":1,"featured_media":0,"parent":0,"menu_order":0,"comment_status":"closed","ping_status":"closed","template":"","meta":{"footnotes":""},"class_list":["post-390","page","type-page","status-publish","hentry","comments-off"],"_links":{"self":[{"href":"https:\/\/www.drk-schwelm.org\/index.php?rest_route=\/wp\/v2\/pages\/390","targetHints":{"allow":["GET"]}}],"collection":[{"href":"https:\/\/www.drk-schwelm.org\/index.php?rest_route=\/wp\/v2\/pages"}],"about":[{"href":"https:\/\/www.drk-schwelm.org\/index.php?rest_route=\/wp\/v2\/types\/page"}],"author":[{"embeddable":true,"href":"https:\/\/www.drk-schwelm.org\/index.php?rest_route=\/wp\/v2\/users\/1"}],"replies":[{"embeddable":true,"href":"https:\/\/www.drk-schwelm.org\/index.php?rest_route=%2Fwp%2Fv2%2Fcomments&post=390"}],"version-history":[{"count":3,"href":"https:\/\/www.drk-schwelm.org\/index.php?rest_route=\/wp\/v2\/pages\/390\/revisions"}],"predecessor-version":[{"id":11061,"href":"https:\/\/www.drk-schwelm.org\/index.php?rest_route=\/wp\/v2\/pages\/390\/revisions\/11061"}],"wp:attachment":[{"href":"https:\/\/www.drk-schwelm.org\/index.php?rest_route=%2Fwp%2Fv2%2Fmedia&parent=390"}],"curies":[{"name":"wp","href":"https:\/\/api.w.org\/{rel}","templated":true}]}}