{"id":363,"date":"2016-10-25T09:37:37","date_gmt":"2016-10-25T07:37:37","guid":{"rendered":"http:\/\/epic-jerks.de\/wordpress\/?page_id=363"},"modified":"2024-05-15T13:23:37","modified_gmt":"2024-05-15T11:23:37","slug":"gemeinschaft-2","status":"publish","type":"page","link":"https:\/\/www.drk-schwelm.org\/?page_id=363","title":{"rendered":"Gemeinschaft"},"content":{"rendered":"<div id=\"pl-363\" class=\"panel-layout\">\n<div id=\"pg-363-0\" class=\"panel-grid panel-no-style\" data-style=\"{&quot;background_image_attachment&quot;:false,&quot;background_display&quot;:&quot;tile&quot;,&quot;cell_alignment&quot;:&quot;flex-start&quot;}\" data-ratio=\"1\" data-ratio-direction=\"right\">\n<div id=\"pgc-363-0-0\" class=\"panel-grid-cell\" data-weight=\"0.5\">\n<div id=\"panel-363-0-0-0\" class=\"so-panel widget widget_sow-editor panel-first-child panel-last-child\" data-index=\"0\" data-style=\"{&quot;background_display&quot;:&quot;tile&quot;}\">\n<div class=\"so-widget-sow-editor so-widget-sow-editor-base\">\n<div class=\"siteorigin-widget-tinymce textwidget\">\n<p>Unsere Aktivit\u00e4ten sind vielf\u00e4ltig. Elf Mal pro Jahr k\u00f6nnen Sie bei uns Blut spenden. Neben der Betreuung und Begleitung von Senioren sammeln wir in unserer Kleiderkammer Textilien f\u00fcr Hilfebed\u00fcrftige. Mit unserem Team arbeiten wir im aktiven Rettungsdienst und Krankentransport des Ennepe-Ruhr-Kreises mit.<br \/>Eine wichtige Aufgabe unseres Vereins ist die Rettung und Versorgung von Menschen in Notsituation. Daf\u00fcr bilden wir Rettungskr\u00e4fte aus und halten besondere Einheiten f\u00fcr gr\u00f6\u00dfere Schadenslagen vor.<br \/>Gerne stellen wir auch die medizinische Versorgung auf Ihrer Veranstaltung sicher &#8211; mit unserem Sanit\u00e4tsdienst.<br \/>Die Arbeit unserer Helfer ist ehrenamtlich und wird meist abends oder am Wochenende gemacht. Hauptamtliche Mitarbeiter des Rettungsdienstes sowie der Kindertageseinrichtungen wirken unterst\u00fctzend mit.<\/p>\n<p><strong>M\u00f6chten Sie sich zusammen mit uns engagieren? Sprechen Sie uns an, wir freuen uns auf Sie.<\/strong><\/p>\n<p><a href=\"mailto:aktiv-werden@drk-schwelm.de\">aktiv-werden@drk-schwelm.de<\/a><\/p>\n<\/div>\n<\/div>\n<\/div>\n<\/div>\n<div id=\"pgc-363-0-1\" class=\"panel-grid-cell\" data-weight=\"0.5\">\n<div id=\"panel-363-0-1-0\" class=\"so-panel widget widget_sow-slider panel-first-child panel-last-child\" data-index=\"1\" data-style=\"{&quot;background_display&quot;:&quot;tile&quot;}\"><div\n\t\t\t\n\t\t\tclass=\"so-widget-sow-slider so-widget-sow-slider-default-71d5c9d9c341\"\n\t\t\t\n\t\t>\t\t\t\t<div class=\"sow-slider-base\" style=\"display: none\" tabindex=\"0\">\n\t\t\t\t\t<ul\n\t\t\t\t\tclass=\"sow-slider-images\"\n\t\t\t\t\tdata-settings=\"{&quot;pagination&quot;:true,&quot;speed&quot;:400,&quot;timeout&quot;:8000,&quot;paused&quot;:false,&quot;pause_on_hover&quot;:false,&quot;swipe&quot;:true,&quot;nav_always_show_desktop&quot;:&quot;&quot;,&quot;nav_always_show_mobile&quot;:&quot;&quot;,&quot;breakpoint&quot;:&quot;780px&quot;,&quot;unmute&quot;:false,&quot;anchor&quot;:null}\"\n\t\t\t\t\t\t\t\t\t\tdata-anchor-id=\"\"\n\t\t\t\t><\/ul>\t\t\t\t<ol class=\"sow-slider-pagination\">\n\t\t\t\t\t\t\t\t\t<\/ol>\n\n\t\t\t\t<div class=\"sow-slide-nav sow-slide-nav-next\">\n\t\t\t\t\t<a href=\"#\" data-goto=\"next\" aria-label=\"Next slide\" data-action=\"next\">\n\t\t\t\t\t\t<em class=\"sow-sld-icon-thin-right\"><\/em>\n\t\t\t\t\t<\/a>\n\t\t\t\t<\/div>\n\n\t\t\t\t<div class=\"sow-slide-nav sow-slide-nav-prev\">\n\t\t\t\t\t<a href=\"#\" data-goto=\"previous\" aria-label=\"Previous slide\" data-action=\"prev\">\n\t\t\t\t\t\t<em class=\"sow-sld-icon-thin-left\"><\/em>\n\t\t\t\t\t<\/a>\n\t\t\t\t<\/div>\n\t\t\t\t<\/div><\/div><\/div>\n<\/div>\n<\/div>\n<\/div>\n\n\n<figure class=\"wp-block-gallery has-nested-images columns-default is-cropped wp-block-gallery-1 is-layout-flex wp-block-gallery-is-layout-flex\">\n<figure class=\"wp-block-image\"><img loading=\"lazy\" decoding=\"async\" width=\"1024\" height=\"191\" data-id=\"1677\" src=\"https:\/\/www.drk-schwelm.org\/wp-content\/uploads\/2018\/09\/bild1-1024x191.png\" alt=\"\" class=\"wp-image-1677\" srcset=\"https:\/\/www.drk-schwelm.org\/wp-content\/uploads\/2018\/09\/bild1-1024x191.png 1024w, https:\/\/www.drk-schwelm.org\/wp-content\/uploads\/2018\/09\/bild1-300x56.png 300w, https:\/\/www.drk-schwelm.org\/wp-content\/uploads\/2018\/09\/bild1-768x143.png 768w, https:\/\/www.drk-schwelm.org\/wp-content\/uploads\/2018\/09\/bild1.png 1598w\" sizes=\"auto, (max-width: 1024px) 100vw, 1024px\" \/><figcaption class=\"wp-element-caption\">\t\t\t\t\t\t<\/figcaption><\/figure>\n<\/figure>\n","protected":false},"excerpt":{"rendered":"<p>Unsere Aktivit\u00e4ten sind vielf\u00e4ltig. Elf Mal pro Jahr k\u00f6nnen Sie bei uns Blut spenden. Neben der Betreuung und Begleitung von<\/p>\n","protected":false},"author":1,"featured_media":0,"parent":0,"menu_order":0,"comment_status":"closed","ping_status":"closed","template":"","meta":{"footnotes":""},"class_list":["post-363","page","type-page","status-publish","hentry","comments-off"],"_links":{"self":[{"href":"https:\/\/www.drk-schwelm.org\/index.php?rest_route=\/wp\/v2\/pages\/363","targetHints":{"allow":["GET"]}}],"collection":[{"href":"https:\/\/www.drk-schwelm.org\/index.php?rest_route=\/wp\/v2\/pages"}],"about":[{"href":"https:\/\/www.drk-schwelm.org\/index.php?rest_route=\/wp\/v2\/types\/page"}],"author":[{"embeddable":true,"href":"https:\/\/www.drk-schwelm.org\/index.php?rest_route=\/wp\/v2\/users\/1"}],"replies":[{"embeddable":true,"href":"https:\/\/www.drk-schwelm.org\/index.php?rest_route=%2Fwp%2Fv2%2Fcomments&post=363"}],"version-history":[{"count":3,"href":"https:\/\/www.drk-schwelm.org\/index.php?rest_route=\/wp\/v2\/pages\/363\/revisions"}],"predecessor-version":[{"id":11156,"href":"https:\/\/www.drk-schwelm.org\/index.php?rest_route=\/wp\/v2\/pages\/363\/revisions\/11156"}],"wp:attachment":[{"href":"https:\/\/www.drk-schwelm.org\/index.php?rest_route=%2Fwp%2Fv2%2Fmedia&parent=363"}],"curies":[{"name":"wp","href":"https:\/\/api.w.org\/{rel}","templated":true}]}}