{"id":351,"date":"2016-10-25T09:36:48","date_gmt":"2016-10-25T07:36:48","guid":{"rendered":"http:\/\/epic-jerks.de\/wordpress\/?page_id=351"},"modified":"2024-04-08T10:30:03","modified_gmt":"2024-04-08T08:30:03","slug":"geschaeftstelle","status":"publish","type":"page","link":"https:\/\/www.drk-schwelm.org\/?page_id=351","title":{"rendered":"Gesch\u00e4ftsstelle"},"content":{"rendered":"<div id=\"pl-351\"  class=\"panel-layout\" ><div id=\"pg-351-0\"  class=\"panel-grid panel-no-style\" ><div id=\"pgc-351-0-0\"  class=\"panel-grid-cell\" ><div id=\"panel-351-0-0-0\" class=\"so-panel widget widget_sow-editor panel-first-child\" data-index=\"0\" ><div\n\t\t\t\n\t\t\tclass=\"so-widget-sow-editor so-widget-sow-editor-base\"\n\t\t\t\n\t\t>\n<div class=\"siteorigin-widget-tinymce textwidget\">\n\t<div id=\"mitte_col2\">\n<div id=\"inhalt\">\n<div class=\"item-page\">\n<p>Der DRK-Ortsverein Schwelm e.V. hat eine lange Tradition. Schon seit 1925 engagieren sich Menschen in und um Schwelm f\u00fcr das Deutsche Rote Kreuz. Derzeit z\u00e4hlt unser Ortsverein 410 Mitglieder. Davon geh\u00f6ren 85 zu den aktiven Helfern und 325 zu den F\u00f6rderern. Wir engagieren uns vor allem im sozialen Bereich, im Sanit\u00e4tsdienst, Rettungsdienst, Jugendarbeit sowie in der humanit\u00e4ren Hilfe und im Katastrophenschutz.<\/p>\n<\/div>\n<\/div>\n<\/div>\n<p>.<\/p>\n<\/div>\n<\/div><\/div><div id=\"panel-351-0-0-1\" class=\"so-panel widget widget_sow-editor panel-last-child\" data-index=\"1\" ><div class=\"panel-widget-style panel-widget-style-for-351-0-0-1\" ><div\n\t\t\t\n\t\t\tclass=\"so-widget-sow-editor so-widget-sow-editor-base\"\n\t\t\t\n\t\t>\n<div class=\"siteorigin-widget-tinymce textwidget\">\n\t<p><strong>\u00d6ffnungszeiten\u00a0 der Gesch\u00e4ftsstelle f\u00fcr Besucher<\/strong><\/p>\n<p>Mo \u00a0 08:00 - 15:30 Uhr<br \/>\nDi\u00a0 \u00a0 08:00 - 15:30 Uhr<br \/>\nMi \u00a0\u00a0 08:00 - 15:30 Uhr<br \/>\nDo\u00a0 \u00a008:00 - 15:30 Uhr<br \/>\nFr\u00a0 \u00a0 08:00 - 14:00 Uhr<\/p>\n<p>Au\u00dferhalb dieser Zeiten auch nach vorheriger Terminabsprache m\u00f6glich.<\/p>\n<\/div>\n<\/div><\/div><\/div><\/div><div id=\"pgc-351-0-1\"  class=\"panel-grid-cell\" ><div id=\"panel-351-0-1-0\" class=\"so-panel widget widget_sow-editor panel-first-child\" data-index=\"2\" ><div\n\t\t\t\n\t\t\tclass=\"so-widget-sow-editor so-widget-sow-editor-base\"\n\t\t\t\n\t\t>\n<div class=\"siteorigin-widget-tinymce textwidget\">\n\t<p><img loading=\"lazy\" decoding=\"async\" class=\"alignnone wp-image-866\" src=\"https:\/\/drk-schwelm.org\/wp-content\/uploads\/2016\/10\/Haus1astar-300x225.jpg\" alt=\"\" width=\"375\" height=\"281\" \/><\/p>\n<\/div>\n<\/div><\/div><div id=\"panel-351-0-1-1\" class=\"so-panel widget widget_sow-editor panel-last-child\" data-index=\"3\" ><div\n\t\t\t\n\t\t\tclass=\"so-widget-sow-editor so-widget-sow-editor-base\"\n\t\t\t\n\t\t>\n<div class=\"siteorigin-widget-tinymce textwidget\">\n\t<h5>Postanschrift:<\/h5>\n<p>Deutsches Rotes Kreuz<br \/>\nOrtsverein Schwelm e.V.<br \/>\nAm Ochsenkamp 79<br \/>\n58332 Schwelm<\/p>\n<p>Tel.: 02336\/929690\u00a0 Fax: 02336\/929695<\/p>\n<p>Email: <a href=\"mailto:info@drk-schwelm.org\">info@drk-schwelm.org<\/a><\/p>\n<\/div>\n<\/div><\/div><\/div><\/div><\/div>","protected":false},"excerpt":{"rendered":"<p>Der DRK-Ortsverein Schwelm e.V. hat eine lange Tradition. Schon seit 1925 engagieren sich Menschen in und um Schwelm f\u00fcr das<\/p>\n","protected":false},"author":1,"featured_media":0,"parent":0,"menu_order":0,"comment_status":"closed","ping_status":"closed","template":"","meta":{"footnotes":""},"class_list":["post-351","page","type-page","status-publish","hentry","comments-off"],"_links":{"self":[{"href":"https:\/\/www.drk-schwelm.org\/index.php?rest_route=\/wp\/v2\/pages\/351","targetHints":{"allow":["GET"]}}],"collection":[{"href":"https:\/\/www.drk-schwelm.org\/index.php?rest_route=\/wp\/v2\/pages"}],"about":[{"href":"https:\/\/www.drk-schwelm.org\/index.php?rest_route=\/wp\/v2\/types\/page"}],"author":[{"embeddable":true,"href":"https:\/\/www.drk-schwelm.org\/index.php?rest_route=\/wp\/v2\/users\/1"}],"replies":[{"embeddable":true,"href":"https:\/\/www.drk-schwelm.org\/index.php?rest_route=%2Fwp%2Fv2%2Fcomments&post=351"}],"version-history":[{"count":8,"href":"https:\/\/www.drk-schwelm.org\/index.php?rest_route=\/wp\/v2\/pages\/351\/revisions"}],"predecessor-version":[{"id":11153,"href":"https:\/\/www.drk-schwelm.org\/index.php?rest_route=\/wp\/v2\/pages\/351\/revisions\/11153"}],"wp:attachment":[{"href":"https:\/\/www.drk-schwelm.org\/index.php?rest_route=%2Fwp%2Fv2%2Fmedia&parent=351"}],"curies":[{"name":"wp","href":"https:\/\/api.w.org\/{rel}","templated":true}]}}

Geschäftsstelle

<div id="pl-351"  class="panel-layout" ><div id="pg-351-0"  class="panel-grid panel-no-style" ><div id="pgc-351-0-0"  class="panel-grid-cell" ><div id="panel-351-0-0-0" class="so-panel widget widget_sow-editor panel-first-child" data-index="0" ><div
			
			class="so-widget-sow-editor so-widget-sow-editor-base"
			
		>
<div class="siteorigin-widget-tinymce textwidget">
	<div id="mitte_col2">
<div id="inhalt">
<div class="item-page">
<p>Der DRK-Ortsverein Schwelm e.V. hat eine lange Tradition. Schon seit 1925 engagieren sich Menschen in und um Schwelm für das Deutsche Rote Kreuz. Derzeit zählt unser Ortsverein 410 Mitglieder. Davon gehören 85 zu den aktiven Helfern und 325 zu den Förderern. Wir engagieren uns vor allem im sozialen Bereich, im Sanitätsdienst, Rettungsdienst, Jugendarbeit sowie in der humanitären Hilfe und im Katastrophenschutz.</p>
</div>
</div>
</div>
<p>.</p>
</div>
</div></div><div id="panel-351-0-0-1" class="so-panel widget widget_sow-editor panel-last-child" data-index="1" ><div class="panel-widget-style panel-widget-style-for-351-0-0-1" ><div
			
			class="so-widget-sow-editor so-widget-sow-editor-base"
			
		>
<div class="siteorigin-widget-tinymce textwidget">
	<p><strong>Öffnungszeiten  der Geschäftsstelle für Besucher</strong></p>
<p>Mo   08:00 - 15:30 Uhr<br />
Di    08:00 - 15:30 Uhr<br />
Mi    08:00 - 15:30 Uhr<br />
Do   08:00 - 15:30 Uhr<br />
Fr    08:00 - 14:00 Uhr</p>
<p>Außerhalb dieser Zeiten auch nach vorheriger Terminabsprache möglich.</p>
</div>
</div></div></div></div><div id="pgc-351-0-1"  class="panel-grid-cell" ><div id="panel-351-0-1-0" class="so-panel widget widget_sow-editor panel-first-child" data-index="2" ><div
			
			class="so-widget-sow-editor so-widget-sow-editor-base"
			
		>
<div class="siteorigin-widget-tinymce textwidget">
	<p><img loading="lazy" decoding="async" class="alignnone wp-image-866" src="https://drk-schwelm.org/wp-content/uploads/2016/10/Haus1astar-300x225.jpg" alt="" width="375" height="281" /></p>
</div>
</div></div><div id="panel-351-0-1-1" class="so-panel widget widget_sow-editor panel-last-child" data-index="3" ><div
			
			class="so-widget-sow-editor so-widget-sow-editor-base"
			
		>
<div class="siteorigin-widget-tinymce textwidget">
	<h5>Postanschrift:</h5>
<p>Deutsches Rotes Kreuz<br />
Ortsverein Schwelm e.V.<br />
Am Ochsenkamp 79<br />
58332 Schwelm</p>
<p>Tel.: 02336/929690  Fax: 02336/929695</p>
<p>Email: <a href="mailto:info@drk-schwelm.org">info@drk-schwelm.org</a></p>
</div>
</div></div></div></div></div>

<p>Der DRK-Ortsverein Schwelm e.V. hat eine lange Tradition. Schon seit 1925 engagieren sich Menschen in und um Schwelm für das</p>
