{"id":141,"date":"2016-10-13T12:19:04","date_gmt":"2016-10-13T10:19:04","guid":{"rendered":"http:\/\/epic-jerks.de\/wordpress\/?page_id=141"},"modified":"2024-05-15T13:24:15","modified_gmt":"2024-05-15T11:24:15","slug":"sanitaetsdienst-2","status":"publish","type":"page","link":"https:\/\/www.drk-schwelm.org\/?page_id=141","title":{"rendered":"Sanit\u00e4tsdienst"},"content":{"rendered":"<p>\t\t\t\t<strong>Rockkonzert, Fu\u00dfballspiel, Karnevalsumzug oder Stra\u00dfenfest: Wo viele Menschen aufeinander treffen, gibt es zahlreiche kleine und gr\u00f6\u00dfere Notf\u00e4lle. Ob ein Kind sich das Knie aufsch\u00fcrft, ein begeisterter Fan ohnm\u00e4chtig wird oder einem L\u00e4ufer beim Marathon die Luft ausgeht \u2013 der Sanit\u00e4tsdienst des Deutschen Roten Kreuzes leistet schnelle Hilfe.<\/strong><\/p>\n<p>Die ehrenamtlichen Helfer des Sanit\u00e4tsdienstes sorgen f\u00fcr die schnelle und kompetente Versorgung bei Verletzungen und Erkrankungen. Falls notwendig, koordinieren sie auch den Transport ins Krankenhaus. Die freiwilligen Helfer werden sorgf\u00e4ltig ausgebildet und werden f\u00fcr ihre Eins\u00e4tze angemessen ausger\u00fcstet.<\/p>\n<p>Durch die regelm\u00e4\u00dfigen Eins\u00e4tze sind die DRK-Sanit\u00e4ter erfahren und einsatzerprobt. Kommt es zu einem Massenanfall von Verletzten, beispielsweise nach einer Explosion oder einem Zugungl\u00fcck, unterst\u00fctzt der Sanit\u00e4tsdienst den Rettungsdienst des Deutschen Roten Kreuzes. Die Sanit\u00e4ter haben deshalb eine wichtige Funktion in der DRK-Katastrophenvorsorge.<\/p>\n<p><strong>Wie kann ein Sanit\u00e4tswachdienst gebucht werden?<\/strong><\/p>\n<p>Da der Sanit\u00e4tsdienst von ehrenamtlichen Einsatzkr\u00e4ften durchgef\u00fchrt wird, ben\u00f6tigen wir eine gewisse Vorlaufzeit f\u00fcr unsere Planungen. Fordern Sie den Sanit\u00e4tsdienst deshalb am besten so fr\u00fch wie m\u00f6glich an &#8211; etwa vier bis sechs Wochen vor Veranstaltungsbeginn. Rufen Sie uns an, schreiben Sie eine E-Mail oder nutzen Sie unser Online-Formular, um den Sanit\u00e4tsdienst anzufordern.<\/p>\n<p><strong>Was kostet Sie als Veranstalter ein Sanit\u00e4tswachdienst?<\/strong><\/p>\n<p>Unser DRK-Ortsverein wird nicht durch \u00f6ffentliche Gelder finanziert. Die Kosten unserer Dienstleistungen m\u00fcssen wir also vollst\u00e4ndig aus eigenen Mitteln decken. Bitte haben Sie deshalb Verst\u00e4ndnis, dass wir die Kosten an Sie als Veranstalter weitergeben. Mit Ihrer Finanziellen Unterst\u00fctzung helfen Sie uns, auch weiterhin eine professionelle Erste Hilfe und Versorgung zu gew\u00e4hrleisten. F\u00fcr ein &#8211; auf Ihre Bed\u00fcrfnisse angefertigtes &#8211; Angebot wenden Sie sich an unsere Ansprechpartner.\t\t<\/p>\n","protected":false},"excerpt":{"rendered":"<p>Rockkonzert, Fu\u00dfballspiel, Karnevalsumzug oder Stra\u00dfenfest: Wo viele Menschen aufeinander treffen, gibt es zahlreiche kleine und gr\u00f6\u00dfere Notf\u00e4lle. Ob ein Kind<\/p>\n","protected":false},"author":1,"featured_media":0,"parent":0,"menu_order":0,"comment_status":"closed","ping_status":"closed","template":"","meta":{"footnotes":""},"class_list":["post-141","page","type-page","status-publish","hentry","comments-off"],"_links":{"self":[{"href":"https:\/\/www.drk-schwelm.org\/index.php?rest_route=\/wp\/v2\/pages\/141","targetHints":{"allow":["GET"]}}],"collection":[{"href":"https:\/\/www.drk-schwelm.org\/index.php?rest_route=\/wp\/v2\/pages"}],"about":[{"href":"https:\/\/www.drk-schwelm.org\/index.php?rest_route=\/wp\/v2\/types\/page"}],"author":[{"embeddable":true,"href":"https:\/\/www.drk-schwelm.org\/index.php?rest_route=\/wp\/v2\/users\/1"}],"replies":[{"embeddable":true,"href":"https:\/\/www.drk-schwelm.org\/index.php?rest_route=%2Fwp%2Fv2%2Fcomments&post=141"}],"version-history":[{"count":1,"href":"https:\/\/www.drk-schwelm.org\/index.php?rest_route=\/wp\/v2\/pages\/141\/revisions"}],"predecessor-version":[{"id":11176,"href":"https:\/\/www.drk-schwelm.org\/index.php?rest_route=\/wp\/v2\/pages\/141\/revisions\/11176"}],"wp:attachment":[{"href":"https:\/\/www.drk-schwelm.org\/index.php?rest_route=%2Fwp%2Fv2%2Fmedia&parent=141"}],"curies":[{"name":"wp","href":"https:\/\/api.w.org\/{rel}","templated":true}]}}